) = -14*s + 3. Let q(j) = -j**2 - 65*j + 130. Let o be q(-67). Give b(o).
59
Let y(p) = 5*p - p**2 - 2149 + p + 2148. Let n(d) = 3*d**2 - 4*d + 2. Let v be n(2). Determine y(v).
-1
Let y(f) = -13*f + 5. Let u(a) = -14*a + 7. Let k(r) = -2*u(r) + 3*y(r). What is k(2)?
-21
Let l(k) be the third derivative of -k**8/20160 - k**7/2520 - k**6/240 - 7*k**5/60 + 11*k**2. Let t(x) be the third derivative of l(x). Determine t(-3).
-6
Let h(b) = b + 2 + 3 - 2*b. Let n(u) = -u**2 - 3*u + 15. Let g be 9/(-2) - 4/8. Let q be n(g). Calculate h(q).
0
Let t = 34 - 67. Let b = -31 - t. Let h(w) = -2*w**3 + 4*w**2 - 4*w + 2. Determine h(b).
-6
Suppose -5*c + 3*n - 55 = 4, -c + 2 = 4*n. Let v(i) = i**2 + 10*i + 6. Calculate v(c).
6
Let x = 1 - -9. Let y be x/25 + 6/10. Let w(s) = -y + 2 + 6*s - 5*s + 1. Determine w(0).
2
Let a(k) = k**3 - 8*k**2 + 6*k + 10. Let m be a(7). Let h = m + 4. Let r(n) = n**3 - 8*n**2 + 8*n - 2. Determine r(h).
5
Let b(q) = -q**2 - 1. Let n(k) = -2*k**2 + k - 3. Let x(u) = 3*b(u) - n(u). Suppose 5*m = 2*m - 9. Let r = m + 0. Calculate x(r).
-6
Let x(l) = l**3 - 3*l**2 - 3*l - 5. Let r be 3 + 35 + 0/(-6). Let m be r/(-57)*(-102)/4. Let k = m - 13. Calculate x(k).
-1
Let o(l) = -l**2 - 15*l + 10. Let i(j) = -2*j + 2. Let r(y) = 5*i(y) - o(y). Calculate r(-6).
6
Let o(i) = i**3 - 6*i**2 + i - 5. Let s(d) = d**2 + 3*d - 4. Let n = 9 - 7. Suppose 2*h = -n*h - 20. Let b be s(h). Determine o(b).
1
Let h be -4*(-2)/40*-5 + -4. Let i(o) = o**3 + 4*o**2 - 3*o + 5. Give i(h).
-5
Let m(u) = -u**2 - 2*u + 5. Let x be m(0). Let k(i) = 11*i + 3*i**2 - 2*i**2 - 10 - x*i + 1. Determine k(-8).
7
Let m(j) = -j**3 + 33*j**2 - 30*j - 74. Let g be m(32). Let i(n) = n**3 + 10*n**2 - 2*n - 15. What is i(g)?
5
Let r be -18 + 13 - (1 + -5). Let s(l) = -l**2 + 3. Let h(a) = 1. Let g(v) = r*h(v) + s(v). Calculate g(-3).
-7
Let r(g) = g**3 + g**2. Let j(f) = 4*f**3 + 14*f**2 - 9. Let k(z) = j(z) - 3*r(z). Give k(-11).
-9
Let p(h) = -3*h - 26. Let f(r) = 11*r + 56. Let q be f(-6). Give p(q).
4
Let f be 22/(-66) + (-39)/(-9). Let u(k) = k**2 + 5*k + 1. Determine u(f).
37
Let y(t) = 3*t**2 - 41*t + 26. Let q be y(13). Suppose 2*s + 4*i - 4 = q, 6*s - 3*s - 5*i = 17. Let n(b) = 2*b**2 - 7*b - 4. Calculate n(s).
0
Suppose 4*i = -5*b + 537, -2*i - 2*b + 188 = -78. Let l = 130 - i. Let k(v) be the third derivative of v**5/60 + v**4/24 - v**3/3 - v**2. What is k(l)?
4
Let d(c) = -c - 1. Let u(v) = -2*v**2 - 75*v + 123. Let q be u(-39). Determine d(q).
-7
Suppose 28*k - 24*k - 8 = 0. Let p(v) = 0*v**k + v**2 - 1 + 4 + 4 + 6*v. Calculate p(-6).
7
Let n = 18 + -16. Let t(i) = 26 + 2*i**n - 3*i**2 - 28 + 4*i. Give t(3).
1
Let i(z) = -5*z + 2*z + 1 + 6 + z - 39. Give i(-11).
-10
Let z be (11 - (7 - -2))*2/(-4). Let d(l) be the second derivative of l - 11/6*l**3 + 0 - 1/2*l**2. Calculate d(z).
10
Let l(x) = 7*x**3 - x. Let r(g) = 9*g + 35. Let b be r(-4). Give l(b).
-6
Let r(u) = 8*u - 1 - u**2 + 1 - 7. Let p(o) = -o**3 - 8*o**2 + o + 13. Let d = 45 - 53. Let c be p(d). Give r(c).
8
Let j(t) be the third derivative of -t**6/120 + 2*t**5/15 - 5*t**4/12 + 7*t**3/6 - 260*t**2. Determine j(6).
19
Let j = -13 + 10. Let g(x) be the third derivative of -x**6/240 + 5*x**4/24 + 11*x**2. Let a(t) be the second derivative of g(t). Determine a(j).
9
Let d be 26/10 + (-2)/(-5). Let q(h) = h**d + 1 + h - 2 - 2*h + 2*h**2. Suppose p - 3*c = -14, 5*p + 5*c - 10 + 0 = 0. Determine q(p).
1
Let a(s) = -2 + 4*s - 7 - s - s. Let j be a(6). Let w(b) = 1 + 2*b**2 + j*b**3 - 1 + 0*b**3 + b. Calculate w(-1).
-2
Let z be ((-14)/21)/((-2)/81). Let v = 30 - z. Let j(y) = 7*y - 4 - 8*y - v. Determine j(0).
-7
Let f(r) = r**3 + 2*r**2 - 3*r + 3. Suppose i - 6 = 2. Let b be 24/30 - (-1)/5 - -39. Let g be ((-6)/10)/(i/b). Determine f(g).
3
Let b(h) = h + 16. Let s(g) = g**3 + 13*g**2 - 3*g - 46. Let l be s(-13). What is b(l)?
9
Let c(g) = 3*g**2 - 4*g + 2. Let q(u) = 8*u - 9. Let h be q(2). Let n(i) = -i + 9. Let d be n(h). What is c(d)?
6
Let n be (-2 - 2)*(-2)/(4/6). Let s(y) = y**3 - 13*y**2 + 11*y + 4. Let o be s(n). Let a(d) = 2*d + 8. Give a(o).
-8
Let f(d) be the first derivative of 0*d - 1/60*d**5 + 1/6*d**3 + 3*d**2 - 7/24*d**4 - 4. Let r(z) be the second derivative of f(z). Calculate r(-7).
1
Let d(j) = -j**2 - 2*j + 8. Let o(x) = 2*x**2 + 2*x - 15. Let r(i) = -9*d(i) - 4*o(i). Determine r(-10).
-12
Suppose -4*d - 4*d = -24. Let u be 2 - (2 - (d - -1)). Let j(g) = g**3 - 5*g**2 + 5*g + 1. Calculate j(u).
5
Let h(p) = -p**2 - 4*p - 4. Suppose 0 = 4*z + z + 20. Let g be (-1)/z + (-2)/8. Let u = -5 + g. Give h(u).
-9
Let b be (12/48)/(1/(-8)). Let j(u) = -3 + u**2 - 3*u**3 + 3*u**3 - 3*u + 2*u**3. Give j(b).
-9
Suppose -5*y - 4*p + 25 = p, -4*p = y - 8. Suppose -y*m = -0*m - 24. Suppose -2*d + m*d = 12. Let b(n) = -n**2 + 2*n. Give b(d).
-3
Let z(c) = 66*c**3 - 3*c**2 + 68*c**3 + 68*c**3 + 64*c**3 - 265*c**3. Determine z(3).
0
Let j(q) = 31*q - 11. Let y be j(0). Let r(p) = p - 3. Give r(y).
-14
Let k be ((-90)/75)/((-12)/(-80)). Let r(h) = -h**3 - 9*h**2 - 5*h + 3. Give r(k).
-21
Suppose 3*r = -6, -4*r - 58 = -m + 6*m. Let w(h) = -h**2 - 9*h. What is w(m)?
-10
Let z(j) = 2*j**2 + 31*j - 17. Let o(h) = -3*h**2 - 60*h + 32. Let p(d) = 4*o(d) + 7*z(d). Give p(10).
-21
Let f(l) be the second derivative of l**6/120 - l**5/40 - l**4/6 - 20*l**3/3 - 3*l + 6. Let s(g) be the second derivative of f(g). Determine s(3).
14
Let i(h) be the third derivative of h**6/120 + h**5/12 + 7*h**4/24 - h**3/6 + 3*h**2 - 6*h. Determine i(-5).
-36
Let k(y) = y - 15. Let a = -22 - -34. Let i be k(a). Let n(j) be the third derivative of j**6/120 + j**5/60 - j**4/24 + j**3/2 + 3*j**2. What is n(i)?
-12
Let j be 36/24 + 18/4. Let t(y) = -8*y - 8. Let c(m) = 7*m + 7. Let g(w) = j*t(w) + 7*c(w). What is g(4)?
5
Let l(v) = -1 - 136*v**3 - 139*v**3 + 9*v - 19*v**2 - 7 + 273*v**3. What is l(-10)?
2
Let i(m) = -m. Let a(b) = 6*b + 1. Let y = -9 + 4. Let r(h) = y*i(h) - a(h). Let w(s) = -7*s + 3. Let q(l) = 4*r(l) + w(l). What is q(1)?
-12
Let n(v) be the second derivative of 1/2*v**3 + 0 + 1/6*v**4 - 2*v**2 + 6*v. Determine n(-3).
5
Suppose 9 = -w - h, -4*w - 17*h - 38 = -15*h. Let l(k) = 1 + k**2 + 12*k - 6 - 2*k. Determine l(w).
-5
Let g(l) be the second derivative of -l**6/360 + l**5/24 - 2*l**3 + 28*l. Let r(a) be the second derivative of g(a). Determine r(6).
-6
Let s(m) be the third derivative of -m**4/6 + 5*m**3/3 - 176*m**2 - 2. Give s(6).
-14
Let y(f) = -24*f**2 + 34*f**2 + f**3 - 5*f**3 + 1 + 10*f + 3*f**3 + 2*f**3. Calculate y(-9).
-8
Let g be 10 - 8 - 64/2. Let m be (-3)/(-2) + g/4. Let o(v) = -3*v + v - v**2 - 3*v + v + 2. Determine o(m).
-10
Suppose 25 = -4*i + 3*j - 4*j, -5*i - 23 = 4*j. Let r(a) = 10 + 0*a**2 + 2*a**2 - 6*a - 3*a**2. Calculate r(i).
3
Let m(d) be the third derivative of -1/3*d**3 + 0 + 0*d + 4*d**2 + 1/6*d**4. Let l = -81 - -79. What is m(l)?
-10
Let l(k) = 2*k + 5. Let p(r) = -3*r - 5. Let g(h) = -4*l(h) - 3*p(h). Give g(8).
3
Let b = -2 + 8. Let k(c) = 5*c**2 + 3*c + 2. Let q(o) = 4*o**2 + o + 1. Let v(i) = -3*k(i) + 4*q(i). Give v(b).
4
Let f(d) = 13*d**3 - 22*d**2 + 6*d - 3. Let i(b) = -11*b**3 + 19*b**2 - 5*b + 3. Let c(j) = -6*f(j) - 7*i(j). Let s be (0 - 0) + 0 + 0. Give c(s).
-3
Let z be (8/16)/(17/(-204)). Let l(a) = -4 - 5*a + 6*a**2 + a**3 - 3*a**2 + 3*a**2. Calculate l(z).
26
Let d(q) = -2*q + 56. Let n(w) = w**3 + 19*w**2 + 48*w + 27. Let z be n(-16). Determine d(z).
2
Let l = 19 - 41. Let x be (-92)/l + 10/(-55). Let v = 11 - x. Let a(o) = o - 5. Give a(v).
2
Let y(j) be the third derivative of j**5/60 - j**4/8 - j**3/2 + 2*j**2 + 19*j. Give y(-3).
15
Suppose -k - 2 = -33*c + 34*c, c = k - 8. Let u(q) = -2*q. Determine u(c).
10
Suppose 10*v - 6*v - 3 = 5*q, -3*v - 3*q + 9 = 0. Let m = 6 + -4. Let w(b) = 0*b - 4*b + 1 + m*b**2 + 2. What is w(v)?
3
Suppose -u + 0*o + o = 1, 0 = 2*u + o - 10. Suppose 19 = -d + 3*p, -4*d + 3 = -d + u*p. Let s(t) = 5*t**2 - 5 + t**2 + t**3 + 4*t - t**2. Determine s(d).
-5
Let t(m) be the second derivative of m**5/20 + 7*m**4/12 + 5*m**3/3 + m**2/2 + 192*m - 1. Calculate t(-5).
1
Let v = 3 - 1. Suppose v*t + n + 3 = 4*t, -4*n + 12 = 4*t. Let s(i) = 2*i**2 + 3*i**3 + 5*i**2 + i - 2*i**2 + 1 - 4*i**t. What is s(-1)?
-2
Let h(t) be the second derivative of t**5